 + 59. Suppose -y - 5*i = 25, -2*y + 0*i - 4*i - 26 = 0. Let d(r) = 53*r + 57. Let x(m) = y*o(m) + 6*d(m). Is x(23) a composite number?
False
Suppose -3*p + 204 = -3*g, -3*g - 4*p + 2*p - 229 = 0. Let f = g + 218. Let r = f - 86. Is r prime?
True
Suppose 5*a + 2*x - 9686723 = 0, 0 = 2*a - 3*x - 3106941 - 767714. Is a composite?
True
Let s(k) = 109159*k**2 - 115*k - 115. Is s(-1) a prime number?
True
Let x(g) = 24*g**2 + 56*g + 51. Suppose 2*w - 2*c + 8 = -34, 0 = 3*w - c + 67. Is x(w) composite?
True
Let r(b) = 173946*b + 323. Is r(1) prime?
False
Is -3 + 19746 + 1 + -1 - (-168)/(-42) composite?
False
Let i(f) = 227*f**2 - 5*f + 21. Let r be i(9). Suppose -4*l + r = -12481. Is l prime?
False
Suppose -44*i = -2*u - 42*i + 179166, 24 = 3*i. Is u a prime number?
True
Let n = -91 + 128. Let m(c) = 84*c - 16 - 32*c - c**3 - n*c - 11*c**2. Is m(-13) prime?
True
Let q = 918 + -485. Let i = q - -1186. Is i a composite number?
False
Let i(m) be the second derivative of -m**3/6 + m**2/2 + 23*m. Let z(v) = 1411*v - 2. Let h(o) = 6*i(o) + z(o). Is h(1) a composite number?
False
Suppose 4*p + 984 = 10624. Let r = p - 933. Is r a prime number?
False
Suppose -12*q + 6 = -10*q. Let a(u) = -360*u - 4 - q + 132*u. Is a(-7) composite?
True
Let a be 17010/3 - 2 - (-2 + -4). Let y = a - 3573. Is y prime?
False
Let w(c) = -c**3 - 29*c**2 - 178*c + 33. Is w(-36) prime?
False
Let r = -118 - -116. Let g(p) = -5953*p**3 + p**2 - 4*p - 5. Let y be g(r). Suppose -3*v = -4*k - 47631, 8*v - k = 5*v + y. Is v composite?
False
Suppose 4*j - 4*r = 11108, -8329 = -6*j + 3*j + 4*r. Is j prime?
False
Let b = -723 - -1255. Suppose 5*m = -4*u + 4301, 552 + b = u + 3*m. Is u a prime number?
True
Let v(w) = -2915*w + 56. Let m be v(-2). Suppose 0 = 3*z - 3*h - m - 2292, -9 = 3*h. Is z prime?
False
Suppose -9*z + 172 + 269 = 0. Suppose 43*k = z*k - 1842. Is k composite?
False
Let w be (-3 - -46680)*(-2)/18*3. Let v = w + 28500. Is v composite?
False
Suppose 16050668 + 18569522 = 139*r - 2100691. Is r composite?
False
Let w(g) = 734*g + 3. Suppose 109 = -7*f + 116. Is w(f) a prime number?
False
Is (((-1666)/85)/49)/(2/(-4232435)) composite?
False
Let k(x) = -387*x**3 + 2*x**2 + 3*x. Let l be k(-1). Suppose 3*y - 1175 + l = 0. Is y a composite number?
False
Suppose 6*r - 11 = 1. Suppose -10594 = -4*b + 5*m - 3*m, r*m = -4*b + 10614. Is b a prime number?
False
Suppose 3*v = -p + 7*v + 16, 3*p - 2*v = 58. Let r be p/(-3)*(-15)/(-10). Let k(i) = -9*i - 13. Is k(r) a composite number?
True
Let u be ((-84)/9)/(-1)*-1050. Let d = u - -14806. Suppose 0 = 15*y - 6799 - d. Is y composite?
False
Let d = 109103 + -70602. Is d composite?
False
Suppose -8360826 - 10229108 = -22*z. Is z a composite number?
True
Let u(d) = d**2 + 13*d + 42. Let s be u(-8). Suppose -4*m = -s*o + 894, 2*o - 1325 = -m - 451. Is o a prime number?
True
Let b(m) = -15526*m - 158. Is b(-6) prime?
False
Let j(f) = 1622*f**2 + 6*f - 229. Is j(-11) prime?
True
Suppose -2*o - 5*s + 7 + 1 = 0, 0 = 4*o + 3*s - 16. Let r be (16/(-5))/(o/(-30)). Is 180/r*508/6 prime?
False
Suppose -3*x - 100 = -8*x. Let v = -22 + x. Let l(u) = -26*u + 3. Is l(v) a composite number?
True
Let g(p) = -p**3 + 9*p + 6. Let v be g(-3). Suppose -3*u = -q + 4*q - v, 0 = -q - 2*u - 2. Suppose -4977 = -3*z - 0*z + 2*d, -2*d = q. Is z composite?
False
Let u(j) = 28898*j - 1279. Is u(4) a prime number?
False
Let m be 5358 + (-1 - (0 - 2))*2. Suppose -4*s + l = s - 5344, m = 5*s - 5*l. Let x = s - 589. Is x prime?
True
Suppose -5*i - 50 - 750 = 5*u, 4*i + 616 = 2*u. Let s be (-600)/i - 2/(-13). Suppose -s*h + 2512 = 5*v, 0*h + 4*v = 4*h - 2476. Is h composite?
True
Suppose -15*s + 37989 = -8*s. Suppose -9*o = s - 17280. Is o a prime number?
False
Let s(z) be the first derivative of -z**4/4 - z**3 - 2*z**2 - 3*z - 9. Let h be s(-2). Is (h + -125)*1/(-2) prime?
False
Let u = 11 + 826. Suppose -2280 - 2150 = 10*g. Let w = u + g. Is w prime?
False
Suppose v - 5*o - 19903 = 0, -5*v + 5*o + 136489 = 36934. Is v a prime number?
True
Let k be 12 + (210/6)/(-5) + -3. Suppose 0*v + v = -2*g + 11, g + 8 = 4*v. Suppose 1503 = c + k*i, g*c + 3*i = -746 + 6783. Is c composite?
True
Let y(i) = 6*i**2 - 86*i + 31. Let j be y(14). Suppose 2*x - b = -3*b + 6908, j*b - 3 = 0. Is x prime?
False
Let n(k) be the second derivative of 109*k**6/360 + k**5/24 + k**4/24 - 13*k**3/6 - 13*k. Let d(m) be the second derivative of n(m). Is d(-3) prime?
True
Let b(h) = h**3 + 6*h**2 - 10*h - 2. Let j be b(-7). Let y = -387 - -409. Suppose -y*i + j*i + 258 = 0. Is i a prime number?
False
Suppose 10*g = 3871 + 12679. Is g prime?
False
Suppose -3*d = -d + 10, 11 = -2*v - 3*d. Suppose 16 = v*f + 2*n, 0 = -3*f + 2*f - 4*n + 23. Suppose 0*b - 3*b + f*q = -1014, 5*b = -4*q + 1699. Is b composite?
True
Suppose 7*g = -4*g + 99. Is (0 - (-914)/(-3))/((-2)/g) a composite number?
True
Suppose -5*n - 6*k = -6417641, -1283531 = -22*n + 21*n - 4*k. Is n composite?
True
Let m = 4485 - -1028. Is m prime?
False
Let s be (-2)/(419/(-139) + 3). Suppose -4*x - 92 = -4*u, 5*u - s = 3*x - 4*x. Is 12918/4*18/u prime?
True
Suppose -2*t - 12460672 = -12*w, -45*w = -48*w + 2*t + 3115171. Is w prime?
False
Let s(t) = -178*t - 79. Let p = 117 - 123. Is s(p) composite?
True
Suppose 4*n - 697598 - 2687149 = 676457. Is n a prime number?
False
Let k(a) = 11 + 466*a - 9 - 29. Is k(3) prime?
False
Let a(w) be the first derivative of 187*w**4/4 + 7*w**3/3 - 5*w**2/2 + 6*w - 79. Is a(5) prime?
True
Suppose 19 = x + 4*x + 3*h, 0 = -5*x + 4*h + 33. Suppose -a - x*a + 30 = 0. Let t(m) = 31*m**2 + 7*m - 11. Is t(a) a composite number?
True
Suppose -5 = r - 0*r, 5*p + r - 10 = 0. Suppose 35 - 5 = 6*g. Suppose -20 = -g*i, n = -p*i + i + 387. Is n composite?
False
Let z = -5167 + 11529. Is z composite?
True
Let w be 13430/(-4) + 5 + (-49)/14. Let h = 5619 + w. Is h composite?
True
Let w be (180/(-66))/((-22)/121). Let p(x) = 439*x**2 + 2*x + 1. Let v be p(3). Suppose -v = -17*g + w*g. Is g prime?
True
Let f = 180 - 208. Let s(o) = -o**3 - 26*o**2 - 64*o - 34. Is s(f) a composite number?
True
Let g = 46 + -38. Suppose -g*c - 4*m + 4496 = -5*c, -4*m = -20. Let y = c - 497. Is y a composite number?
True
Suppose 5*z + 4 = 19. Suppose -6*p + 27 = z*p. Suppose p*o + 10237 = 5*n, -4*o - o - 20 = 0. Is n a composite number?
True
Suppose d - 4*l - 2929 = 0, -5*l + 0*l = -d + 2934. Let i = 5092 - d. Is i a composite number?
True
Suppose -6*o + 5 = -o. Let d(f) = 1218*f**3 - 21*f**2 - 3*f + 13. Let l(k) = 812*k**3 - 15*k**2 - 2*k + 9. Let j(b) = 5*d(b) - 7*l(b). Is j(o) composite?
True
Let d(z) = 298*z**2 + 2*z - 2. Let y be d(2). Let i be 963/4 + ((-161)/966)/(2/(-3)). Let b = y - i. Is b a composite number?
False
Suppose -5*i + 65*c = 61*c - 610993, 2*i - 244396 = 2*c. Is i a prime number?
True
Let v(o) = o**3 + 12*o**2 - 11*o - 21. Suppose 0 = w + 6 - 8. Suppose w*k + 5 + 17 = 0. Is v(k) prime?
False
Suppose -5*q - 18*q = -668399 - 2719938. Is q a composite number?
False
Let d = -1385 + 2752. Is d a composite number?
False
Suppose 0 = -2*t - 23*m + 25*m + 4, 4*t + 4*m = 0. Is (t/(-3))/((-61228)/30612 - -2) a composite number?
False
Let f = 1083285 + -710266. Is f a composite number?
False
Let q = -52 - -55. Is (-40103)/(-14) - q/2 a prime number?
False
Let s(v) = 289*v**3 - 14*v**2 + 14*v - 16. Let a(i) = i**3 - i**2 - i. Let l(c) = -6*a(c) + s(c). Is l(3) prime?
False
Let j be (-6)/15 + 24/10. Suppose -j*b + 0*b + 6*b = 0. Suppose -4261 = -5*u - w - b*w, 845 = u + 2*w. Is u a prime number?
True
Suppose -16*i + 12*i + 112352 = 0. Is ((7 - 1)/(-12))/((-2)/i) prime?
False
Let r(i) be the third derivative of 37*i**5/30 - i**4/4 - i**3/2 + 8*i**2 - 2*i. Is r(-1) composite?
True
Suppose -16886591 - 5368824 = -46*s + 8696651. Is s a prime number?
True
Suppose 6*u - 3 = 27. Suppose -2*i + 2970 = 7*l - 3*l, -u*i + 2*l = -7413. Is i composite?
False
Suppose 10*o - 4*i + 449530 = 12*o, o - 5*i = 224765. Is o a composite number?
True
Is -1 - -42041 - 2/((-12)/(-18)) a prime number?
False
Let y be (-111)/(-39) + (-4)/(-26). Suppose 4*m = -y*m + 38220. Suppose 2*b + 4*r - 2750 = -0*b, -2*r - m = -4*b. Is b prime?
True
Is 49/49*(-10254409)/(-11) prime?
True
Let z(c) = 6*c - 9 + 9 + 3*c + 3791*c**2. Let d(x) = 1895*x**2 + 4*x. Let f(s) = 7*d(s) - 3*z(s).